 + -1). Suppose -q*k + 3*l = -5*k + 18, 0 = -5*l + 20. What is the highest common factor of k and 15?
3
Let n be (-1)/(-2)*2*6. Suppose 2*q = 4*h - 2*q - 232, 142 = 3*h + 5*q. What is the highest common factor of h and n?
6
Let f be -10 + -2 - 3/(-1). Let i be 297/(-6)*12/f. Suppose -18 = -3*l + 4*u, -l - l + 2*u = -12. Calculate the greatest common factor of l and i.
6
Let w be 3*((-140)/(-3))/5. Let a be (-2)/(-4) + (-116)/8. Let o be (a/2)/(-1 - 0). Calculate the greatest common factor of o and w.
7
Let f be -28*(-1)/1*8/16. Calculate the greatest common divisor of 112 and f.
14
Suppose -4*q + 56 = 2*i + 2*i, -2*q = -i - 34. What is the greatest common factor of q and 12?
4
Let g = 36 - 14. Let q(y) = 49*y - 3. Let j be q(5). Calculate the highest common divisor of j and g.
22
Let x = 10 + -5. Let w be 2/5 + 93/x. What is the highest common factor of w and 76?
19
Let a be (4*2)/((-2)/(-4)). Suppose 0 = 3*s + 5*p + 1, 5*p = 2*s + 2 - 43. Calculate the highest common factor of s and a.
8
Let f be ((-3)/(-2))/((-27)/(-360)). Suppose -4*k = -3*h - f, 4*h + 10 = -k + 3*k. Suppose h = 3*j - 27 - 9. What is the greatest common divisor of 96 and j?
12
Let l be 3/(-2)*(-2)/1. Suppose 0 = -5*j, -j - j + 108 = l*t. Calculate the highest common factor of t and 24.
12
Let u(h) = h**2. Let i be u(2). Suppose 3*y - 13 + i = 0. Calculate the greatest common factor of y and 15.
3
Suppose l - 230 = 130. Suppose 10*w = 5*w + l. What is the greatest common factor of w and 9?
9
Suppose 0 = m - 2, -5*q - m + 215 = -6*m. Suppose -78 = -5*y + x + 77, -y = -5*x - 55. What is the greatest common divisor of y and q?
15
Suppose 44 = s - 3*f, -2*s + s - f + 28 = 0. Calculate the greatest common factor of 64 and s.
32
Let w be -2 - -6 - (-1 - -3). Suppose r = w*r - 20. Calculate the greatest common divisor of 10 and r.
10
Let i be (-3 - 1)/((-4)/(-18)). Let x = i - -36. What is the greatest common divisor of 45 and x?
9
Let x = -3 - -7. Suppose 0 = 2*h + 3*w - 9, 0 = -h + x*w - 12. Suppose 69 = 2*s - 5*k, -156 = -h*s - 4*s + 4*k. What is the greatest common divisor of 63 and s?
21
Suppose -4*k + 205 + 169 = 2*v, -3*k = 2*v - 281. What is the greatest common divisor of k and 31?
31
Let v = 3 - 2. Let l be (5/15)/(2/18). Suppose l*a = 8*a - 45. Calculate the highest common divisor of a and v.
1
Let u be (-61 + -2 + 2)/(-1). Suppose -2*v + u + 83 = 0. Let x(d) = d**3 - 2*d**2 - 5*d - 3. Let y be x(4). What is the highest common divisor of y and v?
9
Suppose 4*t - 5*n - 1205 = 0, 0*t = 2*t + 3*n - 597. Let b = 0 - 0. Suppose b = k + 4*k - t. Calculate the highest common divisor of k and 15.
15
Let i(j) = 3*j + 1. Let l be i(6). Calculate the greatest common divisor of 95 and l.
19
Let u be (-4)/(-14) + (-3918)/(-7). Suppose 3*r + u = 8*r. Suppose -4*y = w - 84, -3*w + r = -3*y + 8*y. What is the highest common divisor of y and 10?
10
Let u be 12*(0 - 0 - -1). Let p(h) = h**3 + 9*h**2 - 4*h - 24. Let x be p(-6). Calculate the greatest common factor of x and u.
12
Suppose 5*p - 3 = -5*a + 37, 2*p = -a + 17. Let t be (3/4)/((-3)/(-144)). Calculate the highest common divisor of t and p.
9
Suppose 133 = q - 21. Let z(o) = o**3 + 5*o**2 - 8*o + 2. Let m be z(-6). What is the greatest common factor of q and m?
14
Suppose 0 = -8*w + 283 - 107. Calculate the highest common factor of w and 22.
22
Let m = -16 + 25. What is the greatest common factor of 108 and m?
9
Suppose -24 = -5*m + 21. Suppose -5*u + 12 = 4*c, 1 + 14 = 3*u + 5*c. Suppose 2*x - 6 = -u. Calculate the highest common factor of m and x.
3
Let s(b) = 6*b + 1. Suppose z = -3*z + 4. Let y be s(z). Suppose y*m = 3*m + 20. Calculate the greatest common factor of m and 1.
1
Let c be ((-4)/(-10))/(21/(-35) - -1). What is the highest common factor of 11 and c?
1
Let b be (-1 - 1)/1 + 5. Suppose -2*s = b*v + 4, 3*v - 4*s = s + 10. Suppose v = -z + 27. Calculate the greatest common factor of z and 3.
3
Suppose 628 - 20 = 8*c. Calculate the highest common factor of 38 and c.
38
Let g = -6 - -110. Suppose -65 = -11*o + 6*o. Calculate the highest common factor of o and g.
13
Suppose 0*u - 20 = -4*u. Suppose 3*h = 3*n + 33 + 21, n = -u. What is the greatest common factor of h and 13?
13
Suppose 0 = 2*o + o - 90. Suppose -4*h + 40 = 4*s - s, -3*h - 15 = 0. Calculate the greatest common divisor of s and o.
10
Suppose 3*s - 60 = -5*u, s - 3*s + 59 = -3*u. Calculate the greatest common factor of s and 175.
25
Let i = 31 - 27. Suppose i*s - 10 = -s. Calculate the highest common divisor of s and 14.
2
Suppose 3*l - 8*l = -10. Let n(v) = 7*v**3 + v**2 - 4*v + 3. Let x be n(l). What is the greatest common factor of x and 22?
11
Suppose -c - 3*w - 90 = -2*c, -3*c = -w - 286. Suppose -3*z + 39 = -c. Let h be (-364)/(-20) + (-3)/15. Calculate the highest common divisor of z and h.
9
Let j be 9/(-6) - (-51)/2. What is the highest common divisor of j and 8?
8
Let m be (-184)/(-24) - (-2)/(-3). What is the greatest common factor of 7 and m?
7
Let v(d) = d**3 - 3*d**2 - 5. Let i be v(4). Suppose -2*y = -7*y + 605. What is the highest common factor of i and y?
11
Let l = -33 + 3. Let j be 9*(l/(-9) + -2). What is the highest common factor of 96 and j?
12
Suppose -840 = -10*d + 8*d. Suppose 4*o - d = o. Suppose 3*x - 179 = f + 31, 2*x - 2*f = o. What is the highest common divisor of 28 and x?
14
Suppose 0*i + i - 3 = -3*l, -i - 5 = -l. What is the greatest common divisor of 16 and l?
2
Let w be 4 + 4/(-2)*1. Suppose -3*x + 8 = -q, -2*x + 5*q + 15 - 1 = 0. Let s = x + w. What is the highest common divisor of s and 36?
4
Let k = 8 + -5. Suppose -5*j + 3*r = -225, -3*r = j - k*j + 90. What is the greatest common divisor of j and 5?
5
Let o(d) = -3*d**3 + d + 2. Let w be o(-3). Suppose 0 = 8*l - 4*l - w. Calculate the greatest common divisor of 4 and l.
4
Suppose 4*h = -2*c + 4*c - 98, 2*c = -4*h + 74. Let r = 61 - c. Calculate the greatest common divisor of 9 and r.
9
Let b(u) = u**3 + 7*u**2 + 2*u + 2. Let o be b(-4). What is the greatest common divisor of 7 and o?
7
Suppose -7*k + 19 = -23. Let h be 194/4 + 1/(-2). Calculate the greatest common divisor of k and h.
6
Let x(s) = -4*s + 1. Let f be x(-5). Calculate the highest common divisor of f and 210.
21
Let h = 10 + -2. Let q be (h/(-2) - 1)*-12. What is the highest common divisor of 6 and q?
6
Let t(k) = -k**2 + 9*k + 4. Let c be t(6). Calculate the greatest common divisor of c and 11.
11
Suppose -8*g + 5*g - 66 = 0. Let t = -4 - g. Calculate the highest common factor of 144 and t.
18
Suppose -3*z + 2*z - 20 = -2*h, -4*h = z - 52. Calculate the greatest common divisor of 2 and h.
2
Let h be 15/(-5) - 1*-115. Suppose 0 = 5*a - h - 3. What is the highest common factor of 207 and a?
23
Let g be (-52)/(-16) + (-1)/4. Calculate the greatest common divisor of g and 33.
3
Suppose 4*g + 2*u = 42, 2*g = u + 3*u - 4. Let t be 578/g - 1/4. What is the highest common factor of t and 8?
8
Let n be (-3)/(2*1/(-132)). What is the highest common divisor of 22 and n?
22
Let i be 214/9 - 6/(-27). Calculate the highest common factor of 36 and i.
12
Let v(p) = p - 10. Let b be v(5). Let h = 10 + b. Suppose 12 = -4*l, 6*n = n - h*l + 195. Calculate the highest common factor of 28 and n.
14
Suppose 0 = 2*m + 4*m - 60. Suppose 4*n - 6 = -4*p + m, 0 = -n + 5*p + 4. What is the highest common divisor of n and 24?
4
Let d be (36/8 - 4)/(2/28). What is the highest common factor of d and 77?
7
Suppose 16 + 12 = 2*r. What is the highest common factor of 14 and r?
14
Let g be -2 + 1 - (-1062)/2. Suppose -4*j + 810 = 3*i - j, 0 = 2*i + 4*j - g. Suppose -3*c = 2*c - i. What is the highest common factor of 11 and c?
11
Suppose 0*v + v + 3*x - 41 = 0, 5*v + x = 219. Let u be (-43)/(-2) - (-1)/2. What is the greatest common factor of v and u?
22
Suppose 2 - 17 = -5*o. Calculate the greatest common factor of o and 27.
3
Let n(y) = y**3 - 5*y**2 + 6*y - 1. Let k = 14 + -10. Let d be n(k). What is the highest common divisor of 1 and d?
1
Let y be (-12)/(-9)*(-12)/(-4). Suppose 0 = 2*w + 3*u - 4, -y*w + 9 - 1 = u. Calculate the greatest common factor of 2 and w.
2
Let d be 16/1*56/7. Let y be (-2)/(-12) - 478/(-12). Suppose -2*z = -2*b - 0*z + y, 12 = 2*b + 5*z. Calculate the greatest common divisor of d and b.
16
Let x(l) = l**3 